 the third derivative of -l**6/120 - 7*l**3/6 + 2*l**2. Suppose -5*n = 3*c - 0*n - 2, 3*n = 12. Is g(c) a composite number?
True
Let w = -7929 - -20078. Is w prime?
True
Suppose -22*n + 13*n = -115893. Is n prime?
False
Suppose -4*l = -11*d + 6*d + 12735, 2*d = -2*l + 5112. Is d composite?
False
Let s(z) = z**3 + 4*z**2 - 2*z - 5. Let b = -12 - -8. Let h be s(b). Is 35 + 4*h/(-6) a prime number?
False
Let z(q) = q + 4. Let h be z(0). Suppose -5*t + 4 = -9*t - 4*y, -t + h*y = -14. Suppose 2*b + t*s = -30 + 198, -376 = -4*b + 4*s. Is b a prime number?
True
Let b(k) = 30*k**3 - k**2 - 17*k + 7. Let l be b(5). Suppose -4*y = h - l, 3*h - 8*y - 10893 = -4*y. Is h a prime number?
False
Suppose 5*a + 2*c - 167815 = 0, 0 = 4*a - 4*c - c - 134252. Is a composite?
False
Let o = 20 - 43. Let c = -20 - o. Suppose 5*a = -g + 152, 151 - 46 = c*a - 4*g. Is a a prime number?
True
Let q(f) = 3*f**2 + 9*f - 13. Let h be 2/(0 - 6/(-27)). Is q(h) composite?
False
Let u = -6464 - -14847. Is u composite?
True
Let z be 6/(-33) - (-91408)/(-11). Is z/9*(-24)/16 prime?
False
Let y(o) = -o + 20. Let t be y(10). Suppose -t = -m - m. Suppose r - m*w = 186, w - 3*w = -2. Is r a composite number?
False
Is (-5)/(70/4) + (-61550)/(-70) composite?
True
Is (-1494567)/(-15)*40/24 prime?
True
Suppose -5*s + 0*d - 3*d - 1 = 0, -3*s - 18 = -4*d. Is s/((24/3513)/(-4)) prime?
True
Suppose 0 = -22*b + 17*b - 95. Let o = 200 - b. Is o a prime number?
False
Suppose -2*u + k + 11 = 0, 4*u + u - 14 = -2*k. Suppose -q + 13 = 4*h, -u*q - h - 5 = -27. Suppose -607 = -2*v + 2*r + r, -q*v + r = -1524. Is v prime?
False
Let t(l) = -l**3 - 4*l**2 - 6*l + 13. Let h be -2 + (-3)/(-3)*-5. Is t(h) prime?
False
Suppose 107*l - 747410 + 78981 = 0. Is l composite?
False
Let b(y) = 52*y**3 - 9*y**2 + 20*y - 5. Is b(4) a prime number?
True
Let g(q) = -7*q + 907. Let u be (-1 - -1)/((-6)/(-4 + 1)). Is g(u) prime?
True
Suppose -2*q + 4*q - 4 = -2*c, -4*q + 2*c + 14 = 0. Suppose q - 1 = s. Suppose 3*k - 6 = -4*o + k, -2*o + 12 = -s*k. Is o prime?
True
Let b(k) = 2 + 19*k - 41*k - 7. Is b(-6) composite?
False
Let f(g) = 82*g**2 - 33*g - 57. Is f(16) a composite number?
False
Suppose 13*n - 15*n + 8 = 0. Is (n + -4)/(-2) + 67 composite?
False
Suppose -5*k = 3*v + 802, 291 = -2*k - v - 29. Let f = 473 - k. Is f composite?
False
Is 2155 + 12*5/20 + -9 prime?
False
Is ((-10)/45 - (-2042790)/(-378))*-7 a prime number?
True
Let u = 39002 + -20925. Is u composite?
False
Let r(c) = 3*c**3 + 14*c**2 + 10*c - 15. Let k(s) = -7*s**3 - 29*s**2 - 20*s + 31. Let l(q) = -2*k(q) - 5*r(q). Let g be l(-11). Is 0 + (g/2 - -18) composite?
False
Let d(r) = 11*r**3 - 9*r**2 - 83. Is d(9) a prime number?
True
Let y = 7 - 7. Suppose 9*z - 6402 - 5496 = y. Is z a prime number?
False
Suppose 0 = -4*n - 2*n. Suppose n = a - 3*b + 2, a + b - 3*b = 0. Suppose -3*u - a*p + 163 = 0, -3*u + 86 = -5*p - 41. Is u a prime number?
False
Let p be (1/2)/((-5)/350). Let o be 3/(-1*5/p). Is 14/o - 4431/(-9) a prime number?
False
Suppose a - 5*i + 91 = 464, -4*a + 1513 = i. Let x = -312 + 113. Let s = a + x. Is s composite?
False
Let g = -157 + 458. Is g a prime number?
False
Let j be 6876/2 - -4 - -3. Let z = 5874 - j. Is z a composite number?
True
Suppose 0 = 8*b + 3*b + 2156. Let z = 505 - b. Is z a composite number?
False
Suppose -g - 5 = 5*u, g - 30 = -0*g + 2*u. Is g/5*-1 - 123*-5 a composite number?
True
Suppose -16 = -4*r + 2*y, -4 = y - 0. Suppose 4*m + 132 = -b, 3*m + m = -r*b - 276. Let v = b + 283. Is v composite?
False
Let k = -1079 + 2764. Is k composite?
True
Let t = -40554 + 7712. Is t/(-8) - 2/8 composite?
True
Let n = -83 - 82. Let c = 610 + n. Is c a composite number?
True
Suppose 4104 = 8*v - 456. Let a = v + 545. Is a prime?
False
Suppose -4*i = -4, n - 2*n - 3*i = -8. Suppose h - 3*r = r - n, 4*r = -5*h + 23. Suppose -h*z + 1254 = -3*s, -726 - 115 = -2*z + 3*s. Is z composite?
True
Suppose 998271 = 37*s - 10*s. Is s prime?
True
Is 9334/2*(16 - 15) a prime number?
False
Suppose 13358 + 9377 = 5*o. Is o a prime number?
True
Suppose -64 = -4*q - 2*y, 4*y - 44 = -q - q. Let f(u) = -2*u - 15. Let z be f(q). Let o = -12 - z. Is o prime?
True
Suppose -94869 = 7*f - 10*f - 4*h, -2*h + 31621 = f. Is f a prime number?
True
Is (-17241)/(-1) - -5*(-6)/15 a prime number?
True
Let k be (-52)/(-91)*14/4. Suppose 4*h = -u - 22, 2*h + 0*h + k = 4*u. Is (-126)/(-4) - (-1)/u a composite number?
False
Suppose -2*h = 359 + 31. Let a = 1019 + h. Is a/12*3/2 a prime number?
True
Suppose 4*n - 2*g = 3*g + 20, -5*g = -n + 20. Suppose 4*z = 3*z + 2. Suppose -z*i + 271 + 111 = n. Is i prime?
True
Let g(h) = -7*h**3 - 18*h**2 + 4*h - 6. Let i(j) = 8*j**3 + 19*j**2 - 5*j + 7. Let k(o) = -6*g(o) - 5*i(o). Is k(-6) composite?
False
Let g(w) = -w + 0*w**3 - 3*w**3 - 3*w**2 + 4*w**3 + 13 + 15*w**2. Is g(-9) a composite number?
True
Let d = 6448 + -3495. Is d a composite number?
False
Let f(z) = 2*z + 25. Let o be f(-11). Is -2 + -4722*o/(-6) composite?
True
Is ((-24324)/(-16))/(12/80) composite?
True
Suppose -o + 13658 = 3*d, 5*d - 14144 = 3*o + 8624. Is d a composite number?
True
Let k = -15 + 12. Let h(w) = w**3 + 4*w**2 + w - 2. Let x be h(k). Suppose -x*b + 2739 = -257. Is b prime?
False
Suppose 4*g - 282423 = -32*n + 37*n, -70605 = -g + 2*n. Is g a composite number?
False
Let t(j) be the first derivative of 82*j**3/3 + j + 11. Is t(1) a prime number?
True
Let r be 21 + -23 + 1*2. Suppose r = -2*x - 3*x + 10. Is 291 - (6/(-3) + x) a composite number?
True
Let w(b) = 7*b**2 + 4*b - 2*b + 0*b - 2. Let q = -67 - -72. Is w(q) a composite number?
True
Let h(q) = 14*q**2 + 2 + q + 6*q - 6*q**2 - 7*q**2. Let a be h(-7). Suppose 1262 = 3*n - 4*r, n - 4*n - a*r + 1268 = 0. Is n composite?
True
Let m(w) = -w + 10. Let f be m(8). Suppose -f*b = 4*x - 1674, x - 320 = -3*b + 106. Is x prime?
False
Is (98/(-4) - 9)/(3/(-978)) prime?
False
Let k(l) = -23*l**3 - 13*l**2 - 17*l + 13. Is k(-10) composite?
True
Let g(h) = 9*h**2 + h - 11. Let n be g(-7). Suppose 1950 = 4*b - 5*r - n, 5*b - 3000 = -5*r. Suppose 3*y - 192 = b. Is y composite?
False
Let u be ((-2)/(-5))/(4/20). Let i = -2 + u. Is i - -352 - 1*-3 a composite number?
True
Suppose j + 0*j = 2*x + 1, -j - 2*x = 11. Let v = 8 + j. Suppose -4*a - q = v*q - 844, 5*a = 4*q + 1055. Is a a prime number?
True
Suppose o + 3 = -b + 14, -3*o - 5*b + 43 = 0. Suppose 0 = -o*f + 4539 - 1725. Is f a composite number?
True
Let a(p) = 2*p - 21. Let x be a(13). Suppose 3*j - 471 = -3*g + 873, -4*g = x*j - 1789. Is g prime?
False
Suppose -21*m = -2270 - 4891. Is m a prime number?
False
Let o(k) = 111*k**2 - 2*k + 5. Let h be o(2). Let b be ((-3)/2)/((-12)/32). Suppose -i + h = b*i. Is i a prime number?
True
Suppose 3*m = 4*m + 3*q - 1573, 3*m - 4675 = 2*q. Is m prime?
False
Suppose 5 = -5*m - 0*m + 4*i, 4*m - 17 = -i. Suppose 5*y - 27 = -m*o, -3*y + 7 = 2*y - 2*o. Suppose -x = y*x - 452. Is x a composite number?
False
Let t = -1 + 1. Let l(g) = 2*g**3 - 5*g**2 - 7. Let q be l(3). Suppose -4 = -4*u, t = -a + 4*a - q*u - 91. Is a a composite number?
False
Let w(q) = -2*q + q**3 + 231 - 192 - 16*q - 9*q**2 + q. Is w(11) a prime number?
False
Suppose 3*k - 5 = x - k, 5*x - k - 13 = 0. Suppose x*c + 4*c = 770. Suppose f = 17 + c. Is f a prime number?
True
Let f be (2/(-7))/((-1)/3)*3066. Suppose 4*q = -3*b + b + f, -4*q = -b - 2616. Is q composite?
True
Suppose 16*y + 46960 = 32*y. Is y a composite number?
True
Suppose -4*l - m + 92552 = 0, -3*m - 8522 = -4*l + 84014. Is l composite?
True
Suppose -6*y + y + 15920 = 0. Suppose -3*r + y = 925. Is r prime?
False
Suppose -3*m = -2*k - 9895, 2*m - 3*k + 9900 = 5*m. Is m prime?
True
Suppose 2*h - 4161 = -2*i + 1463, -4*h - 3*i = -11249. Is h a composite number?
True
Let l(t) = 14*t**2 + 13*t + 84. Is l(11) composite?
True
Is (-79760)/(-16)*(0 + 1) prime?
False
Let p(g) = -3*g**3 - g**2 + 5*g + 2. Let d = -1 - 12. Let a be (8 + d)*(-4)/(-5). Is p(a) a prime number?
False
Let p = 765 - 472. Is p composite?
False
Let w be ((-784)/(-5))/((-2)/(-20)). Let g = w - -355. Is g composite?
True
Suppose 18117 = 11*f - 16192. Is f composite?
False
Let x(o) = 16*o + 34. Let m be x(0). Suppose 5*t - 3*k = -1094, -4*t = -5*k + 780 + 90. Let w = m - t. Is w a prime number?
False
Let i be (-6)/3 - 9/(-3